= 206 - 208. Let p be (w/6)/(b/(-4)). Let g(z) = z + 1. Calculate g(p).
0
Let w(a) be the third derivative of a**5/30 + 7*a**4/12 - 5*a**3/3 - 4323*a**2. Calculate w(-7).
-10
Let q(h) = h**2 - 9*h + 1. Let m be q(9). Let f(u) be the third derivative of 0*u**4 - 1/15*u**5 + 0 + 0*u**3 + 0*u - 6*u**2. Determine f(m).
-4
Suppose 12*s = 5*s + 476. Let k = s - 65. Let q(f) = -3*f**k + 15 - 7 - 10. What is q(-2)?
22
Let a(w) = w**3 + 3*w**2 - 6*w - 2. Suppose 72 - 42 = 5*f. Suppose -3*d - 4*g - 26 = f, -d + g = -1. Give a(d).
6
Let b(u) = 6*u + 4*u + 2*u - 3 - 1 - u**2. Suppose -21*o - 80 + 311 = 0. Calculate b(o).
7
Let j(x) be the first derivative of 2*x**2 + 19*x - 662. Calculate j(-8).
-13
Let m be (-1)/(3/(-2559)) + (-15 - -12). Let l = 843 - m. Let k(z) = 6*z + 3. Let s(g) = g. Let p(a) = -2*k(a) + 10*s(a). Determine p(l).
8
Let g(q) = 2*q**3 - 13*q**2 + 5*q + 8. Let r(c) = -21*c + 239. Let b be r(6). Let v = b + -107. Calculate g(v).
2
Let t(u) = u - 14. Let p = 44 + -59. Let a be (8/(-5))/(6/p). Suppose -5*k = -5*i + a*i + 30, -5*i + 54 = -k. Determine t(i).
-4
Let d(h) be the first derivative of h**4/4 + 7*h**3/3 - 3*h**2/2 - 17*h - 143. Let g be d(-7). Let k(s) = -s**3 + 3*s**2 + 6*s - 5. Determine k(g).
3
Let j(d) = d**2 - d - 1. Let v = 52 + -53. Let n be 28/8 + v - (-2)/(-4). Suppose -4*q + 9*q - 50 = -5*x, -2*q + 4 = -n*x. Determine j(q).
29
Let p = 244 - 242. Suppose 4*m - p*m + 32 = 4*o, 3*m + 24 = 2*o. Let b(q) = -2 - 2*q - 6*q**2 + 0*q + 6*q + q**3. Give b(o).
22
Let n = -117 - -122. Suppose -5*w = -h - 14, -6 = n*h + 3*w + 8. Let l(a) be the third derivative of a**5/60 - a**3/6 + a**2. What is l(h)?
15
Let w(u) = u**3 + 3*u**2 + 6*u**2 + 97 + 2*u - 6*u**2 - 4*u - 98. Determine w(2).
15
Let z(n) be the first derivative of 1/24*n**4 - 1/20*n**5 + 1/6*n**3 - 10*n**2 - 5 + 0*n. Let s(g) be the second derivative of z(g). Determine s(-1).
-3
Suppose 6*v + 2 = -4. Let d be ((-8)/10)/(v*2/25). Suppose -14 = 2*r - l, -15*l = -4*r - d*l - 28. Let x(u) = -3*u - 8. Calculate x(r).
13
Let j(x) be the third derivative of -x**4/24 - 4*x**3 + 1038*x**2. Give j(-7).
-17
Let l(y) = y**2 + 11*y + 10. Let r(k) = 44*k**2 + 30*k**2 - 2 - 20*k**2 + k + 28*k**2. Let h be r(1). Suppose -h = 4*z + 5*z. What is l(z)?
-8
Let h(r) = -17*r**2 + 3*r + 1. Let u(a) = 87*a**2 - 15*a - 5. Let s(g) = 11*h(g) + 2*u(g). Let f be (-8)/(-5 - -1) + -3. What is s(f)?
-15
Let x(d) = 15*d + 8. Suppose 1 + 0 = -2*a - 1. Give x(a).
-7
Let o(b) = 3*b**2 - b + 1. Let x = 114 + -106. Suppose -9 + 1 = -x*g. Give o(g).
3
Let z(h) = h**2 + 7*h + 3. Suppose 0 = 15*y - 13*y - 4. Let m(n) = 7 - 4*n - y*n + 7*n. Let j be m(-13). Calculate z(j).
-3
Suppose -29*c = -7*c - 44. Let v(f) = c*f + f - 11*f**2 + 2 + 10*f**2. Calculate v(3).
2
Let c be 6 + -9 - 5/(-1). Suppose -a = -t - 8, 3*a - c*t - 20 = -t. Suppose 0 = -52*d + 55*d + a. Let p(n) = 3*n**3 + 2*n**2 - 3*n - 2. Give p(d).
-12
Suppose t = -2*t, 4*t + 10 = 5*c. Let o(n) = 4 + n**3 + 1 - n - 1 + 3 + c*n**2. What is o(-3)?
1
Let z(f) = f + 1. Let m(b) = -b**3 - b**2 + 4*b + 4. Let d be m(-2). Let v = 21 + d. Let y(x) = -x**3 + 22*x**2 - 19*x - 37. Let u be y(v). What is z(u)?
6
Let b = -15 - -9. Let r(c) = c**2 + 7*c + 2. Let v be r(b). Let h(w) be the second derivative of -w**5/20 - w**4/4 + w**3/3 + 3*w**2/2 - 1544*w. Determine h(v).
11
Let b(l) be the first derivative of -l**3/3 + 7*l**2/2 + 10*l - 3. Let k be (-64)/(-8)*(-4 + 8 - 3). What is b(k)?
2
Let o(c) be the third derivative of c**5/60 + 5*c**4/24 + 13*c**3/6 - 720*c**2. Determine o(-3).
7
Suppose 3*s = 4*a - 8, 4*a - 12 = -2*s + 16. Suppose 2*q - 7*q + 4*m = -12, -a*q + m = -18. Let i(u) = u**2 - 2*u + 2. What is i(q)?
10
Suppose -102*z + 94*z = -8. Let v(w) be the first derivative of -13*w**4/12 - w**3/6 - 2*w + 4. Let r(b) be the first derivative of v(b). Calculate r(z).
-14
Suppose 310*v - 9 = 311*v. Let j(s) be the second derivative of s**4/24 + 3*s**3/2 - 5*s**2/2 - s. Let b(z) be the first derivative of j(z). Calculate b(v).
0
Let q(g) = g**3 - 6*g**2 + 6*g + 5. Let p be q(5). Suppose 0 = 13*h - p*h. Suppose 5*o + 0*o = h. Let u(n) = n**2 + 17. Calculate u(o).
17
Let k(d) = -d**3 - 5*d**2 - 7*d - 17. Suppose 4*q + 17 = -5*g, -3*q = g - 4 + 3. What is k(g)?
18
Let q(w) = -8*w**2 - 542*w - 367. Let a be q(-67). Let c(y) = y - 66. Determine c(a).
-31
Let s(r) = -r**3 - 9*r**2 - 18*r - 8. Suppose 2*a = 7*f - 9*f - 22, -3*a + f - 17 = 0. Calculate s(a).
20
Let m(l) = 942*l + 951*l - 4744*l - 8 + 951*l + 950*l + 946*l. Suppose 0*f - 4*f = 4*r + 24, 0 = -5*r + 4*f - 57. Determine m(r).
28
Let j = 200 - 166. Let q(n) = -6*n**2 - n**2 + 3*n**2 - 35*n + j*n. Give q(-1).
-3
Suppose 3*n + 6 = 4*n. Let p(w) = n - 4*w - 14 + 5*w**2 + 3*w**2 + 0*w**2 - w**3. Let h be 8/(-72)*-3 - 20/(-3). Give p(h).
13
Let b = -25 - -49. Let p = -29 + b. Let m(h) = h + 4. Let v(l) = -l - 4. Let s(i) = 3*m(i) + 4*v(i). Calculate s(p).
1
Let y = -91 - -144. Let h = -51 + y. Let v(l) = l**3 + 2 - 3*l**h - 2*l + 3*l**2 + 3*l**2 - 1. What is v(2)?
17
Let y(o) = -18*o - 2. Let z be y(1). Let u be z/(-3) - 2/(-6). Let i(h) = -6*h + 9 + 17*h - u*h. What is i(-6)?
-15
Let k(x) = -3*x - 29. Let u(c) = -20*c - 51. Let s be u(-2). Calculate k(s).
4
Let z(k) = 8*k**2 - 17*k + 31. Let b be z(3). Suppose -3*u + b = 4*p, -4*p + u + 0 = -36. Let f(r) = -r**2 + 8*r + 13. Calculate f(p).
-7
Let h be 5/4*-2*(-3 + -3). Let k(r) = 316*r**2 + 3*r + h - r**3 - 4 - 312*r**2. What is k(5)?
1
Let j(q) be the second derivative of q**4/12 - 7*q**3/6 - 6*q**2 + 3*q - 10. Let f = 157 + -148. Give j(f).
6
Let n(u) = 10 - 2035*u + 2034*u - 18. What is n(19)?
-27
Let w(a) = 23*a**3 - 34*a**2 - 37*a + 2. Let z(o) = -14*o**3 + 17*o**2 + 19*o. Let m(t) = 3*w(t) + 5*z(t). Let c = 6 + -22. Give m(c).
6
Let a = 41 - 35. Let x be (-21)/a - (-30)/20. Let k(q) = -7*q**2 + 2*q + 3. Give k(x).
-29
Let h(n) = -52 + 505*n + n**2 - 965*n + 478*n. What is h(-20)?
-12
Let m(d) = -29*d**3 - 3*d**2 + 14*d - 76. Let v(b) = 18*b**3 + 2*b**2 - 9*b + 51. Let k(o) = -5*m(o) - 8*v(o). Calculate k(0).
-28
Let p(n) = -n**2 + 105*n - 686. Let s be p(7). Let q(r) = -r**2 + r - 2. What is q(s)?
-2
Let z(a) be the first derivative of 1 + 2*a - 1/3*a**3 + 0*a**2. Let v(q) = -q**3 + 7*q**2 - 2*q + 16. Let o be v(7). Calculate z(o).
-2
Let h be (2/3 - 14/12)*-2. Let i = 119 - 125. Let x(o) = -o**3 - 2*o**2 - 9*o + 9. Let a(y) = y**2 + 5*y - 5. Let f(k) = i*x(k) - 11*a(k). Determine f(h).
7
Let t(s) = -8 - 9*s + 139994*s**2 - 139989*s**2 + 10*s - s**3. What is t(4)?
12
Let q(v) = 366*v + 357*v + 2 - 735*v. Determine q(2).
-22
Let r(a) = -16*a**2 - 47*a - 1. Let p be r(-3). Let j(y) = -y**2 - 6*y - 5. Calculate j(p).
3
Let q(p) = p**3 - 4*p**2 - 13*p + 40. Suppose 12*m - k - 15 = 8*m, -2*k = -2*m. Determine q(m).
0
Let m be (-32)/20 - 10/25 - -4. Let o(x) = -x**3 - x**2 - 10 - 10*x**m + x + 10*x**2. Calculate o(0).
-10
Let l = -2150 - -3578. Let k(y) = 1426*y - 5 - 5 - l*y. Suppose 4*w - 5*w - 7 = 0. Calculate k(w).
4
Let d(w) = -w**2 - 6. Let a(k) be the third derivative of k**5/60 + 2*k**3/3 - 89*k**2. Let g(o) = -3*a(o) - 2*d(o). Calculate g(2).
-4
Let d(j) = 2*j. Let t be d(1). Let v = -160 + 163. Let f(w) = 2*w - 6 + 6*w**3 - 7*w**v - w**2 + 3. Determine f(t).
-11
Let n(x) be the third derivative of 11/12*x**4 + 0*x - 6*x**2 + 0*x**3 + 0. Suppose -27 + 38 = 11*v. Calculate n(v).
22
Let r(f) be the first derivative of -f - 35 - 13/2*f**2. Determine r(-1).
12
Suppose 66*v - 69*v = 627. Let i = 222 + v. Let y(f) = -f**2 + 13*f + 2. Calculate y(i).
2
Suppose 8*q + 2 = 10*q, 19 = 2*b + 5*q. Let g(z) = z**2 + 2*z - 36. Calculate g(b).
27
Let p(u) be the first derivative of 4*u - 1/3*u**3 - u**2 + 43. Suppose 3*l - 2*l - 11 = 5*w, -w + 1 = -l. Give p(l).
-4
Let d(c) = -c**3 - 6*c**2 - 6*c - 7. Suppose 5*q - 10*g = -11*g + 126, -4*q + 3*g = -97. Suppose -2*b + 4*f = -3*b - q, 3*f - 5 = 4*b. Calculate d(b).
-2
Let c(a) = a**3 - 13*a**2 + 23*a - 6. Let h be -3 - -11 - (-4 + (-30)/(-3)). Suppose -5*g + h*z + 49 = 0, -4*g + 47 = 8*z - 7*z. What is c(g)?
5
Let r = -53 + 53. Let l be (16/(-20) - r)/((-4)/10). Let f(h) = h + 137 - 135 - l*h. What is f(0)?
2
Let b(s) = -s - 2. Let w be (-221)/(-85) + (8/(-5) - -2). Let f be (w/(-1))/(((-144)/20)/12). Give b(f).
-7
Let y